3
Convert -1639 (base 12) to base 13.
-127b
What is 3435 (base 6) in base 5?
11230
Convert -112 (base 9) to base 6.
-232
Convert -1203013 (base 5) to base 9.
-33471
What is 1000001110 (base 2) in base 8?
1016
Convert -1135 (base 7) to base 10.
-418
Convert 93ca (base 13) to base 5.
1123241
47a3 (base 12) to base 14
2d07
What is -1654 (base 7) in base 16?
-2a4
Convert 3152 (base 7) to base 4.
101123
89 (base 15) to base 10
129
Convert 185 (base 12) to base 13.
15b
What is b613 (base 13) in base 15?
76ec
-1394 (base 12) to base 16
-8e0
What is -4012 (base 5) in base 3?
-200210
What is -1251 (base 10) in base 4?
-103203
What is -1a98 (base 13) in base 12?
-23a4
Convert -2c7b (base 13) to base 5.
-202044
1155 (base 6) to base 10
287
What is 4420 (base 15) in base 11?
a929
1113 (base 7) to base 5
3102
-440 (base 11) to base 14
-29a
Convert -609 (base 12) to base 13.
-522
27602 (base 8) to base 15
390c
What is 1520 (base 7) in base 3?
211022
What is 1341 (base 7) in base 9?
636
Convert 1b28c (base 13) to base 12.
2693a
What is 6625 (base 8) in base 4?
312111
What is -446 (base 9) in base 15?
-196
Convert 2a6 (base 15) to base 3.
211110
4507 (base 8) to base 6
14555
What is 1101210 (base 5) in base 13?
8802
What is -7b (base 12) in base 10?
-95
What is -633 (base 12) in base 6?
-4103
1001001110 (base 2) to base 13
365
-1bfb (base 16) to base 4
-1233323
What is -1785 (base 10) in base 8?
-3371
Convert 11011110111 (base 2) to base 3.
2110001
-557 (base 8) to base 14
-1c3
3033 (base 6) to base 3
220210
Convert -63223 (base 8) to base 4.
-12122103
What is -1332231 (base 4) in base 14?
-2d53
What is -135 (base 15) in base 12?
-1ab
-9168 (base 11) to base 3
-121200220
What is -2150 (base 8) in base 2?
-10001101000
What is 827 (base 14) in base 3?
2012101
-74 (base 16) to base 6
-312
Convert -45144 (base 7) to base 4.
-2302020
Convert -13601 (base 8) to base 3.
-22020212
-87 (base 13) to base 14
-7d
-3778 (base 9) to base 12
-1775
What is 4354 (base 8) in base 12?
13a4
Convert -11650 (base 11) to base 16.
-4171
What is 121200 (base 3) in base 5?
3300
What is 502 (base 8) in base 9?
387
Convert 250b (base 15) to base 8.
17316
Convert 2595 (base 10) to base 5.
40340
102222 (base 4) to base 8
2252
Convert 2201101 (base 5) to base 7.
214525
Convert 72936 (base 10) to base 5.
4313221
-3135 (base 6) to base 15
-322
-30203 (base 6) to base 2
-111101111011
What is -3612 (base 7) in base 2?
-10100110100
-18a (base 11) to base 13
-13b
What is 6004 (base 10) in base 4?
1131310
What is -49c (base 13) in base 12?
-571
-1012 (base 3) to base 8
-40
-162 (base 14) to base 6
-1150
-cc (base 15) to base 6
-520
Convert 1002 (base 8) to base 15.
244
265 (base 14) to base 8
741
-100101110111 (base 2) to base 9
-3282
Convert -16050 (base 7) to base 6.
-32450
Convert 1319 (base 12) to base 4.
202011
What is 10011001011 (base 2) in base 15?
56c
Convert -32a (base 14) to base 10.
-626
-20122120 (base 3) to base 11
-3708
Convert -32108 (base 9) to base 2.
-101001011101110
10045 (base 6) to base 13
7ac
Convert 16082 (base 9) to base 12.
6455
What is -1d46 (base 15) in base 3?
-22201210
What is 816 (base 9) in base 7?
1635
-6157 (base 8) to base 11
-2434
Convert 1102001 (base 3) to base 11.
854
Convert 3321222 (base 4) to base 6.
201550
Convert -1750 (base 11) to base 8.
-4271
What is -13211 (base 5) in base 3?
-1110010
Convert -777 (base 9) to base 5.
-10022
What is 101233033 (base 4) in base 14?
1c699
Convert -161016 (base 7) to base 11.
-2179a
What is -d6 (base 16) in base 14?
-114
What is 10110011001110 (base 2) in base 4?
2303032
What is 253350 (base 6) in base 4?
11210202
Convert -742 (base 15) to base 10.
-1637
12258 (base 9) to base 16
202a
-2037 (base 11) to base 3
-10201002
Convert 632 (base 10) to base 16.
278
What is -111010101 (base 2) in base 12?
-331
45321 (base 7) to base 11
8698
Convert 10100111001010 (base 2) to base 5.
320243
What is -59 (base 12) in base 7?
-126
Convert -4443 (base 7) to base 10.
-1599
What is -103030 (base 5) in base 12?
-204b
-3858 (base 9) to base 14
-10a4
What is 302315 (base 6) in base 2?
101110101000111
What is 520 (base 15) in base 16?
483
What is 1024 (base 9) in base 2?
1011101111
What is 1045 (base 8) in base 16?
225
4944 (base 12) to base 4
2001010
What is 260 (base 13) in base 11?
349
2563 (base 8) to base 9
1820
Convert 7524 (base 8) to base 10.
3924
What is -21b7 (base 12) in base 15?
-1194
220100 (base 3) to base 14
34d
What is -2244 (base 6) in base 8?
-1024
110 (base 9) to base 13
6c
Convert -1690 (base 13) to base 16.
-d00
2158 (base 9) to base 11
1218
Convert 402 (base 12) to base 15.
288
204122 (base 5) to base 3
100022101
-1010322 (base 5) to base 4
-3333101
Convert 241034 (base 5) to base 15.
297e
What is 193 (base 12) in base 10?
255
What is -214 (base 7) in base 8?
-155
What is 74635 (base 8) in base 11?
21433
Convert 228 (base 15) to base 3.
200002
Convert 10205 (base 14) to base 8.
113635
Convert -5932 (base 16) to base 6.
-253414
What is 341241 (base 6) in base 15?
881a
111222121 (base 3) to base 10
10195
Convert -23656 (base 9) to base 14.
-5abc
What is 228 (base 11) in base 5?
2042
Convert 2103023 (base 4) to base 2.
10010011001011
What is -13420 (base 7) in base 8?
-7070
What is 102302 (base 4) in base 3?
1122112
-235424 (base 6) to base 8
-50310
-134 (base 10) to base 12
-b2
What is c15 (base 13) in base 15?
916
What is -11676 (base 12) in base 9?
-35110
-7866 (base 12) to base 16
-340e
What is -1200121 (base 5) in base 3?
-1010001112
Convert -130105 (base 6) to base 5.
-333310
-10111011011000 (base 2) to base 16
-2ed8
-53 (base 16) to base 15
-58
What is -25 (base 7) in base 10?
-19
Convert -64b0 (base 15) to base 10.
-21315
What is 44242 (base 10) in base 7?
242662
What is -7d97 (base 16) in base 14?
-ba07
Convert -1102201 (base 3) to base 14.
-549
What is 23032 (base 4) in base 14?
394
Convert -433 (base 7) to base 6.
-1004
-1968 (base 10) to base 16
-7b0
What is -6661 (base 7) in base 2?
-100101011011
-651 (base 7) to base 10
-330
Convert 376 (base 10) to base 5.
3001
Convert -404 (base 10) to base 4.
-12110
Convert 119d (base 14) to base 4.
300013
What is 1110111100 (base 2) in base 9?
1272
Convert -ba (base 16) to base 15.
-c6
What is 150 (base 16) in base 8?
520
91b (base 12) to base 6
10035
3a72 (base 11) to base 2
1010010100010
What is 472 (base 16) in base 9?
1504
What is 284 (base 12) in base 11?
323
2110032 (base 5) to base 7
204043
-10010010 (base 2) to base 14
-a6
What is -25417 (base 10) in base 5?
-1303132
Convert 8003 (base 9) to base 4.
1123023
5381 (base 11) to base 9
10666
Convert 17053 (base 8) to base 11.
5891
What is 4206 (base 7) in base 12?
a30
What is 143333 (base 5) in base 14?
2313
-4151 (base 6) to base 15
-421
Convert -10230132 (base 4) to base 10.
-19230
What is -1125 (base 12) in base 16?
-76d
-20222002 (base 3) to base 14
-1bca
Convert 2421 (base 10) to base 16.
975
-6393 (base 14) to base 10
-17181
What is -2494 (base 10) in base 9?
-3371
What is -ad3 (base 15) in base 6?
-15200
-105163 (base 7) to base 10
-18616
-10443 (base 6) to base 11
-1114
What is -3316 (base 8) in base 6?
-12022
215315 (base 6) to base 11
12617
-34ac (base 16) to base 12
-7978
What is 63702 (base 8) in base 2?
110011111000010
-10020012 (base 3) to base 5
-33404
2132 (base 4) to base 8
236
-31301 (base 4) to base 14
-46d
Convert 235 (base 12) to base 14.
197
Convert -4042 (base 5) to base 3.
-201100
36 (base 13) to base 10
45
Convert -1245a (base 14) to base 15.
-d3e8
12b29 (base 12) to base 8
62321
-3103 (base 7) to base 13
-652
What is -1a0 (base 12) in base 7?
-525
What is -240c (base 16) in base 6?
-110420
Convert 1232 (base 6) to base 8.
464
What is 1210223 (base 5) in base 11?
15a52
Convert 1056 (base 9) to base 12.
550
What is 3337 (base 8) in base 3?
2102011
What is -3161 (base 10) in base 6?
-22345
-21220202 (base 3) to base 9
-7822
2347 (base 10) to base 3
10012221
-17275 (base 8) to base 4
-1322331
What is -3134 (base 5) in base 3?
-120112
What is -333200 (base 4) in base 16?
-fe0
-164 (base 8) to base 13
-8c
-248 (base 11) to base 14
-170
Convert 10010101010110 (base 2) to base 13.
4473
9143 (base 10) to base 14
3491
129 (base 15) to base 11
220
What is 203211 (base 5) in base 11?
5024
Convert 2